*o + 14*o + n = 0. What is the highest common factor of o and 207?
23
Suppose 10*h - 4597 = 2133. Suppose h*z = 669*z + 432. Calculate the greatest common divisor of z and 24.
12
Let b(y) = y - 5. Let r be b(8). Suppose -j + 7*f = r*f + 11, 3*j = -5*f + 18. Let i be j/((-4)/192*8/(-10)). Calculate the highest common factor of i and 15.
15
Let y be ((-228)/126)/19 + (-19931)/(-21). What is the highest common factor of 803 and y?
73
Suppose -5*z + 300 = -2*p, -z - 179 = -4*z + p. Let v be 0 + z + (-12 - -14). What is the highest common factor of 660 and v?
60
Let y be 0*(-4)/8*(-1)/(-1). Suppose -g = f - 4, y*f + f = g - 6. Let x be (12/g)/(3 - 588/200). Calculate the greatest common divisor of 5 and x.
5
Let m(r) = 12*r + 8. Let w be m(2). Let n be (-1 + (-6)/9)*12/(-5). What is the highest common divisor of n and w?
4
Suppose 2*g = m - 0*m - 56, 3*g = -4*m + 202. Let x be (-4 - m/(-16))/((-4)/64). What is the highest common divisor of 60 and x?
12
Let a be (17 + -1)/(8*(-5)/(-60)). Suppose -a*v - 15*v + 1287 = 0. Calculate the greatest common factor of 759 and v.
33
Let k = 24828 + -24766. Calculate the highest common factor of k and 1457.
31
Suppose -5*y + 302 = -2*k + 4709, 4*y - 2236 = -k. What is the greatest common factor of k and 16?
8
Let x(c) = 5*c - 106. Let s be x(22). Suppose -a - 5 = 0, -5*q + 259 = -s*a - 561. Calculate the highest common divisor of 10 and q.
10
Let b = -22809 - -22843. Calculate the highest common factor of b and 7174.
34
Let v(q) = 182*q**2 - 32*q - 240. Let w be v(-8). What is the highest common factor of w and 16?
16
Suppose -4*j + 0*j = -5*k + 222, -2*k = -5*j - 99. What is the greatest common divisor of 1456 and k?
14
Let v(g) = -8*g - 5. Let f be v(-7). Suppose -2*q = -w - 109, 2*q - 1973*w - 88 = -1975*w. Calculate the highest common factor of q and f.
51
Suppose -2038*z - 272510 = -2073*z. Calculate the highest common factor of 34 and z.
34
Suppose -285*b - 325 = -5*v - 281*b, -4*v - b + 260 = 0. Calculate the highest common divisor of 1495 and v.
65
Suppose -8*h + 2465 = 5*p - 9*h, 0 = -5*h + 25. Let n = 557 - p. Suppose 3*v = 4 + 17. What is the highest common divisor of n and v?
7
Suppose -191*f + 189*f = -198. Suppose -4*y + 3*y + 2*d + 42 = 0, -d + f = 2*y. Calculate the highest common divisor of 176 and y.
16
Let l(y) = y**3 + 6*y**2 - 6*y - 9. Let i be l(-6). Let d be (-248)/620 + (-21)/(-15). Calculate the highest common divisor of d and i.
1
Let h be ((-8)/(-22))/(226/1243). Calculate the highest common divisor of h and 963.
1
Let g = 295 - 63. Suppose 4*d - 5*u = 196, -11*u + 7*u = 4*d - g. Let t(k) = -k**2 - 7*k - 6. Let m be t(-4). What is the greatest common divisor of d and m?
6
Let c be 210/(-2) + 8 + -5. Let p = 115 + c. What is the greatest common factor of 39 and p?
13
Let z(l) = l**3 - 8*l**2 + 30*l - 23. Let g = 65 + -59. Let w be z(g). Calculate the highest common factor of 34 and w.
17
Suppose i - 216*g = -221*g + 8591, -2*g = -i + 8584. What is the highest common divisor of 243 and i?
81
Suppose 3*l + 6 = 3*s, 3*l - 4*s + 6 = -8*s. Let z(w) = w**2 - w - 1. Let a be z(l). Suppose -2*d + 37 = -a. Calculate the greatest common factor of 126 and d.
21
Let p(z) = 22*z + 104 + 9*z**2 - 230 + 270. Let n be p(-6). What is the greatest common divisor of n and 84?
84
Let m = -50 - -216. Let d = -38 + m. Let s = -11 - -27. What is the highest common factor of d and s?
16
Suppose -4*f + 1157 = 5*t, t - 179 = 2*f - 740. Let b = f - 280. Calculate the greatest common factor of 111 and b.
3
Let d(i) = 242*i + 1864. Let x be d(-7). What is the highest common factor of 125 and x?
5
Let c = -4 - -18. Suppose -5*p + c + 41 = 0. Let o be -6*2/(-66)*(141 - 20). What is the greatest common factor of p and o?
11
Let l(v) = 59*v**3 - 76*v + 400. Let b be l(5). Calculate the greatest common factor of 87 and b.
87
Let s(t) = -7*t**3 - 2*t**2 + 5*t - 7. Let h be s(-5). Suppose -h = -d - 5*r, 10 = r + r. What is the greatest common factor of 48 and d?
48
Let c be (-5)/10*(-39 - 601). What is the highest common factor of c and 70?
10
Let w be (-8)/((-8)/36 - (-89)/360). Let f = 355 + w. What is the highest common divisor of 35 and f?
35
Suppose 0 + 18 = 3*u. Suppose u*t - 57 = 3. What is the highest common divisor of t and 30?
10
Let x = -414 - -427. Suppose 0 = -w - 5*y + 63, -15*y + x*y = -5*w + 315. What is the highest common divisor of 63 and w?
63
Let j = 7169 - 7154. Suppose -2*a + 3 = -a. What is the greatest common divisor of a and j?
3
Let k(d) be the second derivative of d**3/3 - d**2/2 + d. Let w = 1361 - 1349. Let l be k(w). Calculate the greatest common divisor of 207 and l.
23
Let u(m) = m**2 + 16*m - 25. Let v be u(-17). Let r = v - -28. Suppose -6*o + r - 14 = 0. What is the highest common divisor of 3 and o?
1
Let v be -5 + (-5 + 2 - -27). Suppose -15*r - 12 = -v*r. Suppose 0*z = 2*u + z - 647, 5*u - 1617 = -r*z. Calculate the highest common factor of u and 36.
36
Suppose -l - 4*y + 138 = -96, -240 = -l - 5*y. What is the greatest common divisor of 2604 and l?
42
Let u = 45 + -39. Let z(h) = 94*h - 279. Let x be z(3). What is the greatest common factor of u and x?
3
Let n be 2/(-3) - (-208)/24 - -1585. What is the highest common factor of n and 54?
27
Suppose 8*c = -80 - 280. Let k be (-1 - -1) + -1 + -116. Let o = c - k. Calculate the highest common factor of o and 24.
24
Let u be (6 + -7)/((-2)/(-8))*(-40)/4. Calculate the highest common divisor of 7380 and u.
20
Let x = -319 - -709. Suppose 7*o - x = 891. What is the greatest common divisor of o and 3?
3
Let s = 4383 + -2933. What is the highest common divisor of 50 and s?
50
Let d = -8 - -28. Let v(m) = 7*m + 13. Let b be v(d). What is the highest common divisor of b and 17?
17
Suppose c + 7 - 15 = 0. Suppose -c*o + 700 = -o. Let b = -55 + o. Calculate the greatest common divisor of b and 18.
9
Suppose -18*t - 25 - 83 = 0. Let g be 8 + (t - 0) + 4. Calculate the greatest common divisor of g and 12.
6
Let n(k) = -15*k**3 - 7*k**2 - 5*k - 14. Let r be n(-4). Let z = r - 614. What is the greatest common factor of z and 45?
15
Let b = -1251 + 1260. Suppose 6 = 5*m - 2*d - 58, 2*m - 26 = d. Suppose -b*j = -m*j + 12. What is the highest common factor of j and 20?
4
Suppose -170*o + 60174 = -436056. What is the greatest common divisor of 63 and o?
21
Suppose 3*u - 653 = 2*g, 9*u - 5*g = 7*u + 450. Let f(x) = x**2 - x - 3. Let s be f(12). What is the highest common divisor of u and s?
43
Suppose -x - 4*k + 19 = -8, x = 3*k + 13. Suppose -q = -2*n - 2*n + 461, 915 = -2*q + n. Let g = q + 761. What is the highest common divisor of x and g?
19
Let p = 746 - 1221. Let j = 5 - p. What is the highest common divisor of 30 and j?
30
Let c(l) be the second derivative of -23*l - 1/2*l**2 - 1/3*l**3 + 0 - 1/2*l**4 + 1/20*l**5. Let x be c(7). What is the highest common factor of x and 51?
17
Let i(o) = -93*o**2 - 4*o. Let q = -21 - -20. Let u be i(q). Let n = -87 - u. What is the greatest common factor of 1 and n?
1
Suppose 5*s + 0*s = 405. Let g = -90562 - -90568. What is the highest common factor of g and s?
3
Let w(r) = 5*r - 34. Let d = 42 + -21. Suppose d = 3*k - 12. Let b be w(k). What is the highest common divisor of b and 231?
21
Suppose -2*p + 5024 = -s, 2*s + 7987 = 3*p + 450. Calculate the highest common factor of 62 and p.
31
Let q = -254 - -257. Suppose 4*o = j - 144, 0*o - 12 = -q*o. Suppose 0 = -2*w - 2*w + 80. What is the highest common factor of w and j?
20
Suppose -4*d - 5*y + 85 = -d, y = 2*d - 61. Let x = 7 - 15. Let l be -1 + 2 + -8 + 21 + x. What is the greatest common divisor of l and d?
6
Let n be ((-7)/(-6) - 95/(-190)) + (-3549)/(-9). Calculate the highest common divisor of n and 4950.
198
Let w be ((-1)/(-3))/((-4)/(-24)). Suppose -o - 5 = 8*h - 9*h, o = -w*h + 13. Let s = -9 - -15. What is the highest common divisor of s and h?
6
Let y(i) = i - 4. Let g be y(12). Suppose 18*q - 312 = -42. Suppose g*d - 55 = -q. What is the greatest common divisor of 5 and d?
5
Let d = 13969 - 13951. Suppose -5*z + 4 = 4*c + 6, 0 = -z + c + 5. Calculate the greatest common factor of z and d.
2
Let h = 658 + -428. Suppose -3*p - 3*r = 2*r - h, -4*p + 303 = 3*r. Let x = -7190 + 7205. Calculate the greatest common divisor of x and p.
15
Let d be -9